n base 4, what is 1333123 - 1122?
1332001
In base 15, what is -347d77 - 3?
-347d7a
In base 3, what is 11200020001 + -1122?
11200011102
In base 3, what is -1 - -1002002202?
1002002201
In base 13, what is 3a756 + 3?
3a759
In base 3, what is 11000 - -1010200?
1021200
In base 8, what is -132 - 65344?
-65476
In base 11, what is 69884 + 5?
69889
In base 9, what is -37 + 11126?
11078
In base 12, what is -5 - -65230?
65227
In base 9, what is -27100 + 3?
-27086
In base 11, what is -2087 + 74?
-2013
In base 4, what is 12233 - -1223?
20122
In base 7, what is -1552 + 2104?
222
In base 3, what is -102111 + -1022?
-110210
In base 10, what is 12 - 16292?
-16280
In base 15, what is -d36 - -3a?
-ceb
In base 8, what is -3 + -73241?
-73244
In base 15, what is -1 + 54c8b?
54c8a
In base 2, what is 100111 + -1001001111000?
-1001001010001
In base 4, what is 22010120 - -10?
22010130
In base 9, what is -42341 + -1?
-42342
In base 6, what is 51125 + 13?
51142
In base 5, what is -12 + 43132?
43120
In base 7, what is -2 - 236625?
-236630
In base 4, what is -10301001 + 32?
-10300303
In base 7, what is 52563 - -22?
52615
In base 3, what is 12 + -2000110112021?
-2000110112002
In base 7, what is 104541 - 13?
104525
In base 4, what is 1220220 - 31?
1220123
In base 2, what is -10000010100101110 + 1?
-10000010100101101
In base 14, what is -1069 + 5?
-1064
In base 15, what is dc4c - -70?
dcbc
In base 8, what is -13 + 3250?
3235
In base 16, what is 28d + 6f7?
984
In base 12, what is -86336 - 6?
-86340
In base 13, what is 929 + 409?
1035
In base 8, what is 1 + 504052?
504053
In base 4, what is 3110003 + 20221?
3130230
In base 4, what is -221213201 + 2?
-221213133
In base 2, what is 10010000010100 + -11001?
10001111111011
In base 10, what is -8205 + -5?
-8210
In base 8, what is -474541 - 35?
-474576
In base 8, what is 150317 - -14?
150333
In base 8, what is 1652 + 36?
1710
In base 6, what is -4344 - -24?
-4320
In base 5, what is 23111214 - -2?
23111221
In base 9, what is -126 + -31436?
-31563
In base 16, what is -25b + -1a?
-275
In base 15, what is -8d4c98 + 3?
-8d4c95
In base 13, what is 5 - -9c6?
9cb
In base 3, what is 1102021 + 1102?
1110200
In base 14, what is 1 - -1951?
1952
In base 16, what is -ee48 - -2c?
-ee1c
In base 11, what is -242072 - -1?
-242071
In base 15, what is 265871 + 1?
265872
In base 13, what is -5 - c47?
-c4c
In base 4, what is 120 - 11111332?
-11111212
In base 16, what is 1c58 - 10d?
1b4b
In base 10, what is -217338 - 5?
-217343
In base 3, what is -220010 - -1121?
-211112
In base 14, what is -2577 + 3?
-2574
In base 10, what is -3110 + -231?
-3341
In base 5, what is 12331 - -12243?
30124
In base 3, what is 10221200 + 12?
10221212
In base 8, what is 67 - 133?
-44
In base 11, what is 9741 + -5?
9737
In base 11, what is 4 + 47?
50
In base 2, what is 110011001011110001 + -10?
110011001011101111
In base 5, what is -3203 - 41223?
-44431
In base 7, what is -2 + -5026?
-5031
In base 16, what is -36 - 82?
-b8
In base 16, what is -23660 - -1?
-2365f
In base 14, what is 3a + 43c?
478
In base 9, what is -1 - 41045?
-41046
In base 3, what is -211200 - -21?
-211102
In base 6, what is 401 - 234215?
-233414
In base 4, what is 0 + -1212002?
-1212002
In base 2, what is 1110101011101 + -1010100?
1110100001001
In base 4, what is -11133 - 21200?
-32333
In base 14, what is 19 + a99?
ab4
In base 4, what is -31022203000 - 2?
-31022203002
In base 11, what is 3 - 44407?
-44404
In base 8, what is -2 - 307134?
-307136
In base 15, what is ab96 - -4?
ab9a
In base 8, what is 1 + -62522?
-62521
In base 9, what is -5115644 - -2?
-5115642
In base 8, what is 1105 + -327?
556
In base 2, what is -100000111001011110 - 101?
-100000111001100011
In base 6, what is 30 - 4045?
-4015
In base 5, what is -24 - 24201?
-24230
In base 2, what is 0 - -100110001110010?
100110001110010
In base 8, what is 3306236 + -2?
3306234
In base 14, what is -95ad - 1?
-95b0
In base 14, what is -14 + -9bc2?
-9bd6
In base 8, what is -1243623 + 2?
-1243621
In base 12, what is -7b019 + -1?
-7b01a
In base 11, what is -33a26 + -10?
-33a36
In base 8, what is 1675460 - 4?
1675454
In base 3, what is 2 - -12212100020?
12212100022
In base 12, what is 1 + -3536?
-3535
In base 11, what is 0 + 30336a?
30336a
In base 8, what is -2621 + -36?
-2657
In base 5, what is -30433 - 1034?
-32022
In base 9, what is -1 - -4606?
4605
In base 4, what is 111203 + -101?
111102
In base 4, what is 332 + 311001?
311333
In base 7, what is -104355 - -2?
-104353
In base 15, what is -ae09 - -5?
-ae04
In base 16, what is -9a + 1d5?
13b
In base 8, what is -11 - 25377?
-25410
In base 4, what is -3 - -122223203?
122223200
In base 14, what is -17 + -213?
-22a
In base 14, what is -145417 - 1?
-145418
In base 2, what is -111 + 1010000000011101001?
1010000000011100010
In base 9, what is 1147 + -8867?
-7720
In base 4, what is -2322 - 10231?
-13213
In base 6, what is 105453 + 1?
105454
In base 9, what is -5 - 53003?
-53008
In base 13, what is 1a - 1036?
-1019
In base 14, what is -105ac + -4d?
-1061b
In base 7, what is -5 - -636224?
636216
In base 12, what is 4 + -2a36b?
-2a367
In base 8, what is 20 + 3214?
3234
In base 13, what is 27 + c5b?
c85
In base 2, what is 110110011011001001 - 1010?
110110011010111111
In base 10, what is -4 - -17418?
17414
In base 7, what is 25 - 654?
-626
In base 7, what is -100 - -52424?
52324
In base 5, what is -10 + 232124?
232114
In base 4, what is 100001 + 23?
100030
In base 11, what is 813 + 22?
835
In base 9, what is -6672 - -11?
-6661
In base 6, what is 2444 - 5?
2435
In base 7, what is 2003265 + -3?
2003262
In base 10, what is 1067 - -1770?
2837
In base 9, what is 5 - 43363?
-43357
In base 7, what is -21260026 - -5?
-21260021
In base 12, what is -1 - -38245?
38244
In base 5, what is 1013 - -10?
1023
In base 8, what is 0 + 1652514?
1652514
In base 11, what is -36 - 18720?
-18756
In base 2, what is -10 - 1101100001110010?
-1101100001110100
In base 12, what is 3 - 25b62?
-25b5b
In base 6, what is 255212000 + 1?
255212001
In base 3, what is -10 - 1121200020?
-1121200100
In base 3, what is 2000 + -10220010?
-10211010
In base 15, what is -35d1 - -18?
-35b8
In base 11, what is 0 - -59619?
59619
In base 10, what is 161814 - 4?
161810
In base 16, what is -1cf895 - -3?
-1cf892
In base 16, what is 30a - -8?
312
In base 9, what is -388284 + -4?
-388288
In base 15, what is -18878 - -5?
-18873
In base 6, what is 431 - -50?
521
In base 3, what is 0 + -110211110210?
-110211110210
In base 10, what is -3 - -730514?
730511
In base 10, what is -3237885 + -1?
-3237886
In base 15, what is 66492 + a?
6649c
In base 5, what is -331 - -43434?
43103
In base 10, what is -182 + 30?
-152
In base 16, what is 128220 + 3?
128223
In base 14, what is 50 - 5c06?
-5b96
In base 12, what is -2 + 2908?
2906
In base 3, what is -201121102 - 2110?
-201200212
In base 3, what is -10010210112 - -10?
-10010210102
In base 11, what is -1 + -70710a?
-707110
In base 8, what is 13731 + -242?
13467
In base 13, what is -17acb - 11?
-17b0c
In base 2, what is -100100011101010010110 + 11?
-100100011101010010011
In base 7, what is 0 + -2016133?
-2016133
In base 14, what is a7 + -1c02?
-1b39
In base 9, what is 4 - 3045428?
-3045424
In base 7, what is -1405 - -33?
-1342
In base 12, what is -1105754 - 1?
-1105755
In base 2, what is -100101100100011 + -1?
-100101100100100
In base 14, what is 0 + 27836?
27836
In base 4, what is 11 + -210312?
-210301
In base 5, what is -10302 + 13101?
2244
In base 13, what is 4 + c19?
c20
In base 10, what is -1242 - -22?
-1220
In base 13, what is -23 - 65c?
-682
In base 8, what is -27 + -71246?
-71275
In base 10, what is -21253 + 72?
-21181
In base 16, what is -229 + 9?
-220
In base 11, what is 3 - 10a39?
-10a36
In base 16, what is -1cf - 8?
-1d7
In base 14, what is 9b840 + 1?
9b841
In base 9, what is -418 + -108?
-527
In base 2, what is 10110111000 + 11000111?
11001111111
In base 13, what is 169 + -2b8?
-14c
In base 12, what is -1 + -76b9b?
-76ba0
In base 7, what is 10434533 + -5?
10434525
In base 11, what is -438 - 439?
-876
In base 5, what is -10311 + 130203?
114342
In base 11, what is 23 + 621?
644
In base 3, what is 12200 - 2200001?
-2110101
In base 7, what is -646403 + 4?
-646366
In base 8, what is -3 + 11030?
11025
In base 9, what is 1 + -103432?
-103